be (-2)/(-3) + 16/(-6). Let h(g) = -g + 1. Let w(n) = 10*n - 6. Let z(i) = -4*h(i) - w(i). What is z(m)?
14
Let t(w) be the first derivative of -w**3/3 + 8*w**2 - 12*w + 5. Let r be t(15). Let i(d) = d**3 - 3*d**2 - 2*d - 3. Give i(r).
-9
Let p(u) = -u**2 - 7 + 6*u**2 - 7*u**2 + 3*u**2 + 5*u. Let l(m) = m**3 + 5*m**2 - 6. Let j be l(-5). What is p(j)?
-1
Suppose 3*u - 11 = -3*b - 2, 4*b = 3*u - 2. Let y(z) = z - 2 - 3 + 3 + 1. Let t(h) = -7*h + 5. Let g(i) = -t(i) - 6*y(i). What is g(b)?
2
Let h = 4 - 1. Let o(g) = -g**2 - 2*g + 5. Let s(b) = 2*b**2 + 5*b - 11. Let x(f) = 5*o(f) + 2*s(f). Calculate x(h).
-6
Let m(z) = z**2 + 5*z - 5. Let a(w) = -w**2 + w. Let r be (5/(-10))/((-1)/2). Let q be a(r). Let i = -5 - q. Give m(i).
-5
Let j(p) be the first derivative of p**4/4 + 5*p**3/3 + 2*p**2 + 4*p - 29. Determine j(-3).
10
Let h be -2*(-3 - (-21)/6). Let i(f) = 9*f. Determine i(h).
-9
Let q(m) be the first derivative of -1/4*m**4 + 2 - 7/2*m**2 - 2*m**3 - 6*m. What is q(-5)?
4
Let i(x) = -x**2 - 2*x + 1. Suppose 80*a - 85*a = 10. What is i(a)?
1
Let o(j) = 0*j + 0*j - 3 - 2*j + 0*j**2 + j**2. Calculate o(4).
5
Let d = -14 + 16. Let b(u) = u**2 + 3*u - 2. Give b(d).
8
Let d be (-3)/(-12) - 11/(-4). Let y(k) = k**3 - 2*k**2 + 3. What is y(d)?
12
Let a(v) = -v**2 - 5*v - 1. Suppose 3 = -5*u - 2. Let y = 3 - u. Suppose 0 = 3*x + 6, -13 = -m + 2*m + y*x. Give a(m).
-1
Let q be 16/(-6)*(-3)/4. Let p(f) = f + q*f - 12*f. Calculate p(1).
-9
Let d = 21/2 + -10. Let q(n) be the first derivative of d*n**2 - 4*n + 2. What is q(4)?
0
Let u(z) = -4*z**2 + 3*z + 4. Let y(s) = 18*s - 19*s + 0 - 2 + 1. Let w(l) = -u(l) - 3*y(l). What is w(1)?
3
Let x(g) = 4*g**2 - 8*g - 5. Let i(p) = 7*p + 2*p + 10 - 7*p**2 + 6*p. Let l be 12/(-40)*2*-5. Let c(o) = l*i(o) + 5*x(o). Give c(4).
9
Let t(j) = -3*j**2 + 3*j - 4. Suppose 0 = -4*u - 2*u + 6. Let n(x) = -x + 1. Let v(f) = u*t(f) + 3*n(f). Determine v(-1).
-4
Let b be -7*-3*(-5)/15. Let s(l) be the first derivative of l**3/3 + 5*l**2/2 - 7*l + 1. Give s(b).
7
Let o(b) = -2*b**3 - b**2 - 2*b - 1. Suppose -25*n = 23 + 2. Determine o(n).
2
Let j(i) = -i**2 - 5*i - 5. Let b be j(-3). Let m(s) = -s + 1. Determine m(b).
0
Let o(b) = -b**2 - 7*b - 2. Suppose -3*r - 6*a - 22 = -10*a, 5*a - 29 = 4*r. Determine o(r).
4
Suppose -5*i + 2*i + 27 = 0. Suppose -7 = -3*t + 2*t. Let p(g) = -t*g + i*g + 2 - 4. What is p(-2)?
-6
Let q(w) = 6*w**2 + 46*w. Let u(b) = -b**2 - 9*b. Let a(y) = -2*q(y) - 11*u(y). Let p(v) = -2*v**2 - 28*v - 20. Let j be p(-13). Determine a(j).
6
Let k(p) = 6*p + 3. Let d(i) = -i + 1. Let g(n) = -5*d(n) - k(n). Calculate g(-6).
-2
Let o(z) = z + 14. Let g be 13/(-2) - 3/(-6). Give o(g).
8
Let n(k) = k**3 - 4*k**2 - 3*k + 3. Let t(o) = -4*o - 83. Let u be t(-22). Calculate n(u).
13
Let i = 13 - 10. Suppose -i*q - 2*d + 11 = -17, 0 = 4*q - 5*d + 1. Let h(t) = -t**2 + 7*t + 2. Calculate h(q).
8
Suppose -5*t - 13 = -3*g, 2*t - 4*t + 4*g - 8 = 0. Let n be 0/(1 + t + 0). Let v(j) = j**3 + j**2 - j + 3. Give v(n).
3
Let w(s) be the first derivative of s**3/3 + 2*s**2 - 8*s - 5. Determine w(-6).
4
Let l = -6 - -2. Let b(w) = -2*w**2 - 15*w. Let s(d) = -d**2 - 8*d. Let q(j) = 4*b(j) - 7*s(j). What is q(l)?
0
Let u = -3 - -7. Suppose 5*g + u + 1 = 0. Let c(n) = 3*n**3 + 2*n**2 + 2*n + 1. Determine c(g).
-2
Suppose -u - 1 = 4*b, -2*b - u - 6 = -3. Let s(d) = 0 + d**2 - 4 - 3*d - b. Suppose 2*x - 25 + 17 = 0. Calculate s(x).
-1
Let a(o) = o**3 - 3*o**2 - 6*o + 3. Let j(x) = 2*x + 2. Let v be j(1). What is a(v)?
-5
Let r(o) be the second derivative of o**5/20 + 5*o**4/12 + o**3/3 - o**2/2 - o. Let y(p) = -p**2 - 6*p + 23. Let b be y(-9). Give r(b).
7
Suppose 0 = -2*f + 4*m + 3 - 5, 0 = 5*f - m - 13. Let d(c) = -c**2 - 2*c**3 + c + 0*c + 3*c**2 + c**f. Determine d(-1).
2
Let i = 3 + -2. Let j(x) be the first derivative of 7*x**3/3 + x + 4. What is j(i)?
8
Let n(t) be the second derivative of -t**5/20 + t**4/2 - 2*t**3/3 - t**2/2 + 25*t. Calculate n(4).
15
Let c = 6 + 1. Suppose -c*m = 1 - 8. Let w(d) = 19*d**2 + d + 13. Let q(y) = 5*y**2 + 3. Let b(g) = -9*q(g) + 2*w(g). Determine b(m).
-6
Let v(i) = 109 + 2*i - 106 + 0*i + i**2. Give v(-3).
6
Let n(t) be the first derivative of -t**5/120 - t**4/24 + t**3 - 1. Let k(l) be the third derivative of n(l). What is k(3)?
-4
Let s(u) = u**2 + u - 1. Suppose 4*r = 5*f + 5, -1 + 11 = -5*f + 3*r. What is s(f)?
19
Let b be (-2)/(-4) - (-10)/4. Let n = 12 + -8. Let t(o) = 1 + o - o - n*o**2 + o + o**3. Determine t(b).
-5
Let p = 41 + -40. Let f(r) = r**2 + r - 1. Give f(p).
1
Let b(c) = c**2 + 13*c + 5. Let g be b(-13). Let q(p) = p**2 - 6*p - 4. Calculate q(g).
-9
Let x(j) = j**3 + 3*j**2 - 5*j - 1. Let g(i) = i**2 + 6*i + 4. Let y be g(-4). Give x(y).
3
Suppose -2*h + 4*f + 18 = 0, h + 3*f - 3 + 4 = 0. Suppose 5 = h*m - 10*m. Let d(y) = y**3 + 1. Give d(m).
0
Suppose -5 = -a, 23 = -g - 0*g + 4*a. Let q(k) = k + 6. Determine q(g).
3
Suppose 12 = 3*f - 0*p + 3*p, -5*f - 2*p = -8. Suppose y + 2*o = -3*o + 1, f = 5*y + 3*o - 5. Let u(m) = 3*m**3 + m**2 + m - 1. Calculate u(y).
4
Let j(u) = 33 - 17 + 3*u - 13. Suppose 14 = -4*d - 6. What is j(d)?
-12
Let m = -10 + 8. Let d(s) = s**2 - 1. Determine d(m).
3
Let f(i) = -i**2 - 5*i - 6. Let h be f(-4). Let n(z) be the first derivative of z**3 + z**2 - 1. Calculate n(h).
8
Suppose -4*g + 4*k = -k - 18, -3*g - 3*k = 0. Let n(b) = 3*b - 3. Calculate n(g).
3
Let i(w) be the second derivative of w**3/6 - w**2/2 - 16*w. Give i(2).
1
Let h(j) = j**3 + 4*j**2 + 3*j. Let n be h(-2). Let k(w) = -3*w**2 + 1 + 2*w**n + 2 - 6. Determine k(0).
-3
Let n = -12 - -10. Suppose x + 4*d - 14 = -4*x, 3*d = 5*x - 7. Let r(f) = -f + 3*f - 3 + 6 + f**x. Calculate r(n).
3
Let h(z) be the second derivative of 2*z**3 - 27*z - 1. What is h(1)?
12
Let k(z) be the second derivative of z**5/20 - 5*z**4/12 - z**3/6 - 14*z. Let w(h) = -h**3 + h**2 - 2. Let v be w(0). Let s be (3 + 2)/(-1 - v). Give k(s).
-5
Suppose -u - f + 3 = -2, 4*u + 16 = 5*f. Let i be u/2 - 4/8. Let c(x) = x**2 - x + 7. Determine c(i).
7
Let l(o) = 1 + o**2 - o**2 + o**3 - 3*o**2 + o. Let r(j) = -j**3 - 13*j**2 - 12*j + 3. Let n be r(-12). Determine l(n).
4
Let y(p) = -p - 1. Let f(s) = s + 1. Let n(x) = -6*f(x) - 5*y(x). Suppose 5*z = -3 + 8. Let a be n(z). Let u(o) = o**2 + 2*o. Give u(a).
0
Let y(h) = -h**3 + h - 1. Let a(m) = m**3 - 13*m**2 - 15*m + 12. Let w be a(14). Give y(w).
5
Let c(s) = s**3 + 2*s**2 + s - 2. Let o be 2*3/(-2) - -5. Suppose -8 = o*t + 2*t. Give c(t).
-4
Suppose 0 = -g - 2*g + 6. Suppose -1 = -g*o + 7. Let d(m) be the second derivative of -m**4/12 + m**3/3 + 3*m**2/2 + 2*m. Give d(o).
-5
Suppose 4*f = -0 + 8. Let d(j) = -j**2 - 2 + j - 2*j**2 + 0 + j**3. Give d(f).
-4
Suppose 0*t = 2*t - 10. Let y(p) = p**3 - 6*p**2 + 6*p + 1. Calculate y(t).
6
Let g(l) = -376 - 15*l**2 + 0*l + l + 396 - l**3. Determine g(-15).
5
Let r(h) = 36 - h - 2*h - 35. Give r(2).
-5
Let w(u) be the second derivative of u**4/12 - u**3/6 + 10*u. Let q(v) = -v**3 - 11*v**2 - 6. Let m(t) = q(t) + 6*w(t). Give m(-4).
2
Let g(l) = 21*l**2 + 8 + 10 - 19. What is g(1)?
20
Let f(o) = 2*o - 6. Let w(c) = c + 10. Let x be w(-7). Let q(n) = 3 + 0 - n + x. Let b(j) = -2*f(j) - 3*q(j). What is b(-5)?
-1
Let d(z) = 1 - 4 + 4*z - z**3 - 4*z**2 + 2. Let c(g) = g**3 - 16*g**2 - g + 11. Let q be c(16). Calculate d(q).
4
Let h(r) = -2*r**3 + 3*r**2. Let f(b) = -b**3 + 5*b**2 + 6*b + 2. Let l(i) = -i**3 - 9*i**2 + 10*i + 6. Let m be l(-10). Let x be f(m). Determine h(x).
-4
Let f(b) = b**3 - b - 9. Let k = 0 - -7. Suppose k*t + 3 = 4*t. Let w be (t + -2)/3*0. What is f(w)?
-9
Let h(o) be the third derivative of o**6/120 + o**5/10 + 7*o**4/24 - o**3/3 + 9*o**2. Calculate h(-5).
-12
Let c(m) be the third derivative of -7*m**4/24 + m**3/6 + 2*m**2. Let d(i) = i. Let l(x) = c(x) + 6*d(x). What is l(0)?
1
Let c(v) = -v**3 - 4*v**2 + 3*v + 3. Let s = 4 + -8. What is c(s)?
-9
Let u(h) = 11*h**2 - 1 + 14*h**2 - 18*h**2 - h. Determine u(-1).
7
Let b(z) be the second derivative of z**3/6 - 3*z. Determine b(5).
5
Suppose -5*h + 10 - 5 = 0. Let g be h/6 - 50/12. Let f(y) = -y**2 - 6*y - 5. Give f(g).
3
Let y(j) be the second derivative of j**5/20 - 3*j**4/4 + 4*j**3/3 - 10*j. What is y(8)?
0
Let g(o) = -o**2 - 6*o - 8. Let w(f) be the